{"id":16247556,"date":"2023-01-04T21:54:36","date_gmt":"2023-01-04T21:54:36","guid":{"rendered":"https:\/\/www.aprendevirtual.com\/kekos\/?page_id=16247556"},"modified":"2023-01-07T08:20:25","modified_gmt":"2023-01-07T08:20:25","slug":"inicio-2","status":"publish","type":"page","link":"https:\/\/www.aprendevirtual.com\/kekos\/inicio-2\/","title":{"rendered":"Inicio-gobernanza"},"content":{"rendered":"<p>[et_pb_section fb_built=\u00bb1&#8243; admin_label=\u00bbHeader\u00bb _builder_version=\u00bb4.19.4&#8243; _module_preset=\u00bbdefault\u00bb background_enable_color=\u00bboff\u00bb background_image=\u00bbhttps:\/\/www.aprendevirtual.com\/kekos\/wp-content\/uploads\/2023\/01\/iStock-1188502109-scaled.jpg\u00bb custom_padding=\u00bb||0px||false|false\u00bb locked=\u00bboff\u00bb collapsed=\u00bboff\u00bb global_colors_info=\u00bb{}\u00bb][et_pb_row _builder_version=\u00bb4.19.4&#8243; _module_preset=\u00bbdefault\u00bb background_enable_color=\u00bboff\u00bb use_background_color_gradient=\u00bbon\u00bb background_color_gradient_stops=\u00bb#0400f0 0%|rgba(102, 99, 246, 0.61) 93%|#0c71c3 100%\u00bb width_tablet=\u00bb80%\u00bb width_phone=\u00bb80%\u00bb width_last_edited=\u00bbon|tablet\u00bb custom_margin=\u00bb||||false|false\u00bb custom_padding=\u00bb|||0px|false|false\u00bb border_radii=\u00bbon|15px|15px|15px|15px\u00bb global_colors_info=\u00bb{}\u00bb][et_pb_column type=\u00bb4_4&#8243; _builder_version=\u00bb4.19.4&#8243; _module_preset=\u00bbdefault\u00bb custom_padding=\u00bb|||0px|false|false\u00bb global_colors_info=\u00bb{}\u00bb][et_pb_text _builder_version=\u00bb4.19.4&#8243; _module_preset=\u00bbdefault\u00bb text_font=\u00bb|600|||||||\u00bb text_text_color=\u00bb#FFFFFF\u00bb text_font_size=\u00bb16px\u00bb header_font=\u00bb|700|||||||\u00bb header_text_color=\u00bb#E1ECEA\u00bb header_font_size=\u00bb70px\u00bb header_line_height=\u00bb1.1em\u00bb text_orientation=\u00bbjustified\u00bb custom_margin=\u00bb||0px|0px|false|false\u00bb header_font_size_tablet=\u00bb40px\u00bb header_font_size_phone=\u00bb24px\u00bb header_font_size_last_edited=\u00bbon|desktop\u00bb text_text_shadow_style=\u00bbpreset4&#8243; header_text_shadow_style=\u00bbpreset4&#8243; border_radii=\u00bbon|15px|15px|15px|15px\u00bb global_colors_info=\u00bb{}\u00bb]<\/p>\n<h1 style=\"text-align: center;\">Gobernanza<\/h1>\n<p style=\"padding-left: 40px; padding-right: 40px;\">El equipo editorial encargado de establecer las pol\u00edticas acerca de las pautas, criterios o lineamiento que rigen la Revista Digital Internacional de Psicolog\u00eda y Ciencia Social est\u00e1 conformado por acad\u00e9micos e investigadores expertos en su campo de varios pa\u00edses de Latinoam\u00e9rica.<\/p>\n<p style=\"padding-left: 40px; padding-right: 40px;\">Las actividades del equipo editorial van desde el proceso de publicaci\u00f3n, la creaci\u00f3n y dise\u00f1o del n\u00famero de la revista, as\u00ed como aquellas acciones relacionadas con la evaluaci\u00f3n de la calidad cient\u00edfica de los manuscritos que se reciben, como aquellas que tienen que ver con las gestiones necesarias para una correcta difusi\u00f3n de los contenidos publicados.<\/p>\n<p style=\"padding-left: 40px; padding-right: 40px;\">El t\u00e9rmino gobernanza del men\u00fa se utiliza en su sentido polis\u00e9mico para referirse a lo que tradicionalmente en las revistas cient\u00edficas se ha dado por llamar el equipo editorial, sin embargo, se decidi\u00f3 utilizar este t\u00e9rmino ya que es equipo de personas son las encargadas del funcionamiento de la revista en donde interact\u00faan todas las partes en sus diferentes niveles y dictan las pol\u00edticas editoriales que la rigen. El organigrama de gesti\u00f3n est\u00e1 constituido por las siguientes instancias de decisi\u00f3n.<span style=\"color: #ffff00;\"><\/span><\/p>\n<p style=\"padding-left: 40px; padding-right: 40px;\">[\/et_pb_text][et_pb_blurb title=\u00bbInstancias de gobierno de la revista\u00bb image=\u00bbhttps:\/\/www.aprendevirtual.com\/kekos\/wp-content\/uploads\/2023\/01\/organigrama_general.png\u00bb alt=\u00bbOrganigrama\u00bb image_icon_width=\u00bb70%\u00bb _builder_version=\u00bb4.19.4&#8243; _module_preset=\u00bbdefault\u00bb header_font=\u00bb|600|||||||\u00bb header_text_align=\u00bbcenter\u00bb header_text_color=\u00bb#ffffff\u00bb header_font_size=\u00bb16px\u00bb body_font=\u00bb|700|||||||\u00bb body_font_size=\u00bb16px\u00bb background_layout=\u00bbdark\u00bb custom_margin=\u00bb0px||||false|false\u00bb header_text_shadow_style=\u00bbpreset4&#8243; body_text_shadow_style=\u00bbpreset4&#8243; global_colors_info=\u00bb{}\u00bb hover_enabled=\u00bb0&#8243; sticky_enabled=\u00bb0&#8243;]<\/p>\n<p>&nbsp;<\/p>\n<ol>\n<li><a href=\"dsddsdsdsdds\"><span style=\"color: #ffff00;\">Consejo directivo<\/span><\/a><\/li>\n<li><span style=\"color: #ffff00;\"><a href=\"dsddsdsdsdds\" style=\"color: #ffff00;\">Direcci\u00f3n editorial de las Ciencias Sociales y de la Salud<\/a><\/span><span style=\"color: #ffff00;\"><a href=\"zxxzxxxxzzx\" style=\"color: #ffff00;\"><\/a><\/span><\/li>\n<li><span style=\"color: #ffff00;\">Direcci\u00f3n Editorial de las Ciencias Econ\u00f3mico-Administrativas<\/span><\/li>\n<li><span style=\"color: #ffff00;\">Comit\u00e9 Cient\u00edfico<\/span><\/li>\n<\/ol>\n<p>[\/et_pb_blurb][\/et_pb_column][\/et_pb_row][et_pb_row _builder_version=\u00bb4.19.4&#8243; _module_preset=\u00bbdefault\u00bb global_colors_info=\u00bb{}\u00bb][et_pb_column type=\u00bb4_4&#8243; _builder_version=\u00bb4.19.4&#8243; _module_preset=\u00bbdefault\u00bb global_colors_info=\u00bb{}\u00bb][\/et_pb_column][\/et_pb_row][\/et_pb_section]<\/p>\n","protected":false},"excerpt":{"rendered":"<p>Gobernanza El equipo editorial encargado de establecer las pol\u00edticas acerca de las pautas, criterios o lineamiento que rigen la Revista Digital Internacional de Psicolog\u00eda y Ciencia Social est\u00e1 conformado por acad\u00e9micos e investigadores expertos en su campo de varios pa\u00edses de Latinoam\u00e9rica. Las actividades del equipo editorial van desde el proceso de publicaci\u00f3n, la creaci\u00f3n [&hellip;]<\/p>\n","protected":false},"author":1,"featured_media":0,"parent":0,"menu_order":0,"comment_status":"closed","ping_status":"closed","template":"","meta":{"_et_pb_use_builder":"on","_et_pb_old_content":"","_et_gb_content_width":"","_coblocks_attr":"","_coblocks_dimensions":"","_coblocks_responsive_height":"","_coblocks_accordion_ie_support":"","footnotes":""},"class_list":["post-16247556","page","type-page","status-publish","hentry"],"_links":{"self":[{"href":"https:\/\/www.aprendevirtual.com\/kekos\/wp-json\/wp\/v2\/pages\/16247556","targetHints":{"allow":["GET"]}}],"collection":[{"href":"https:\/\/www.aprendevirtual.com\/kekos\/wp-json\/wp\/v2\/pages"}],"about":[{"href":"https:\/\/www.aprendevirtual.com\/kekos\/wp-json\/wp\/v2\/types\/page"}],"author":[{"embeddable":true,"href":"https:\/\/www.aprendevirtual.com\/kekos\/wp-json\/wp\/v2\/users\/1"}],"replies":[{"embeddable":true,"href":"https:\/\/www.aprendevirtual.com\/kekos\/wp-json\/wp\/v2\/comments?post=16247556"}],"version-history":[{"count":9,"href":"https:\/\/www.aprendevirtual.com\/kekos\/wp-json\/wp\/v2\/pages\/16247556\/revisions"}],"predecessor-version":[{"id":16247579,"href":"https:\/\/www.aprendevirtual.com\/kekos\/wp-json\/wp\/v2\/pages\/16247556\/revisions\/16247579"}],"wp:attachment":[{"href":"https:\/\/www.aprendevirtual.com\/kekos\/wp-json\/wp\/v2\/media?parent=16247556"}],"curies":[{"name":"wp","href":"https:\/\/api.w.org\/{rel}","templated":true}]}}