{"id":16247548,"date":"2023-01-04T07:36:16","date_gmt":"2023-01-04T07:36:16","guid":{"rendered":"https:\/\/www.aprendevirtual.com\/kekos\/?page_id=16247548"},"modified":"2023-01-09T07:18:16","modified_gmt":"2023-01-09T07:18:16","slug":"inicio-explorar-contenido","status":"publish","type":"page","link":"https:\/\/www.aprendevirtual.com\/kekos\/inicio-explorar-contenido\/","title":{"rendered":"Inicio-explorar-contenido"},"content":{"rendered":"<p>[et_pb_section fb_built=\u00bb1&#8243; admin_label=\u00bbHeader\u00bb _builder_version=\u00bb4.19.4&#8243; _module_preset=\u00bbdefault\u00bb background_enable_color=\u00bboff\u00bb background_image=\u00bbhttps:\/\/www.aprendevirtual.com\/kekos\/wp-content\/uploads\/2023\/01\/explorar-contenidos-scaled.jpg\u00bb custom_padding=\u00bb||0px||false|false\u00bb locked=\u00bboff\u00bb collapsed=\u00bboff\u00bb global_colors_info=\u00bb{}\u00bb][et_pb_row _builder_version=\u00bb4.19.4&#8243; _module_preset=\u00bbdefault\u00bb background_enable_color=\u00bboff\u00bb width_tablet=\u00bb80%\u00bb width_phone=\u00bb80%\u00bb width_last_edited=\u00bbon|tablet\u00bb custom_margin=\u00bb||||false|false\u00bb custom_padding=\u00bb||60vh|0px|false|false\u00bb global_colors_info=\u00bb{}\u00bb][et_pb_column type=\u00bb4_4&#8243; _builder_version=\u00bb4.19.4&#8243; _module_preset=\u00bbdefault\u00bb custom_padding=\u00bb|||0px|false|false\u00bb global_colors_info=\u00bb{}\u00bb][et_pb_text _builder_version=\u00bb4.19.4&#8243; _module_preset=\u00bbdefault\u00bb text_font=\u00bb|600|||||||\u00bb text_text_color=\u00bb#FFFFFF\u00bb text_font_size=\u00bb16px\u00bb header_font=\u00bb|700|||||||\u00bb header_text_color=\u00bb#E1ECEA\u00bb header_font_size=\u00bb70px\u00bb header_line_height=\u00bb1.1em\u00bb use_background_color_gradient=\u00bbon\u00bb background_color_gradient_stops=\u00bb#0400f0 0%|rgba(4,0,240,0.3) 100%\u00bb text_orientation=\u00bbjustified\u00bb custom_margin=\u00bb||0px|0px|false|false\u00bb hover_enabled=\u00bb0&#8243; header_font_size_tablet=\u00bb40px\u00bb header_font_size_phone=\u00bb24px\u00bb header_font_size_last_edited=\u00bbon|desktop\u00bb text_text_shadow_style=\u00bbpreset4&#8243; header_text_shadow_style=\u00bbpreset4&#8243; border_radii=\u00bbon|15px|15px|15px|15px\u00bb global_colors_info=\u00bb{}\u00bb sticky_enabled=\u00bb0&#8243;]&nbsp;<\/p>\n<h1 style=\"text-align: center;\">Explorar contenido<\/h1>\n<p style=\"padding-left: 40px; padding-right: 40px;\">Esta secci\u00f3n est\u00e1 dise\u00f1ada para que el usuario interesado en informarse sobre el material cient\u00edfico publicado por la <em>Revista Digital Internacional de Psicolog\u00eda y Ciencia Social <\/em>(RDIPyCS) pueda navegar amigablemente sobre el \u00faltimo art\u00edculo publicado e incursione en los n\u00fameros anteriores que forman parte del acervo hist\u00f3rico de la revista.<\/p>\n<p style=\"padding-left: 40px; padding-right: 40px;\">En esta secci\u00f3n el usuario podr\u00e1 consultar el acervo hist\u00f3rico de la revista a trav\u00e9s de revisar:<\/p>\n<ol>\n<li style=\"list-style-type: none;\">\n<ol>\n<ol><\/ol>\n<\/ol>\n<ol>\n<li><a href=\"sdsdsdsd\"><\/a><a href=\"dsddsdsdsdds\"><span style=\"color: #ffff00;\">El n\u00famero actual<\/span><\/a><\/li>\n<li><span style=\"color: #ffff00;\"><a href=\"dsddsdsdsdds\" style=\"color: #ffff00;\">Los n\u00fameros anteriores<\/a><\/span><span style=\"color: #ffff00;\"><a href=\"zxxzxxxxzzx\" style=\"color: #ffff00;\"><\/a><\/span><\/li>\n<\/ol>\n<\/li>\n<\/ol>\n<p>&nbsp;[\/et_pb_text][\/et_pb_column][\/et_pb_row][\/et_pb_section]<\/p>\n","protected":false},"excerpt":{"rendered":"<p>&nbsp; Explorar contenido Esta secci\u00f3n est\u00e1 dise\u00f1ada para que el usuario interesado en informarse sobre el material cient\u00edfico publicado por la Revista Digital Internacional de Psicolog\u00eda y Ciencia Social (RDIPyCS) pueda navegar amigablemente sobre el \u00faltimo art\u00edculo publicado e incursione en los n\u00fameros anteriores que forman parte del acervo hist\u00f3rico de la revista. En esta [&hellip;]<\/p>\n","protected":false},"author":1,"featured_media":0,"parent":0,"menu_order":0,"comment_status":"closed","ping_status":"closed","template":"","meta":{"_et_pb_use_builder":"on","_et_pb_old_content":"","_et_gb_content_width":"","_coblocks_attr":"","_coblocks_dimensions":"","_coblocks_responsive_height":"","_coblocks_accordion_ie_support":"","footnotes":""},"class_list":["post-16247548","page","type-page","status-publish","hentry"],"_links":{"self":[{"href":"https:\/\/www.aprendevirtual.com\/kekos\/wp-json\/wp\/v2\/pages\/16247548","targetHints":{"allow":["GET"]}}],"collection":[{"href":"https:\/\/www.aprendevirtual.com\/kekos\/wp-json\/wp\/v2\/pages"}],"about":[{"href":"https:\/\/www.aprendevirtual.com\/kekos\/wp-json\/wp\/v2\/types\/page"}],"author":[{"embeddable":true,"href":"https:\/\/www.aprendevirtual.com\/kekos\/wp-json\/wp\/v2\/users\/1"}],"replies":[{"embeddable":true,"href":"https:\/\/www.aprendevirtual.com\/kekos\/wp-json\/wp\/v2\/comments?post=16247548"}],"version-history":[{"count":5,"href":"https:\/\/www.aprendevirtual.com\/kekos\/wp-json\/wp\/v2\/pages\/16247548\/revisions"}],"predecessor-version":[{"id":16247623,"href":"https:\/\/www.aprendevirtual.com\/kekos\/wp-json\/wp\/v2\/pages\/16247548\/revisions\/16247623"}],"wp:attachment":[{"href":"https:\/\/www.aprendevirtual.com\/kekos\/wp-json\/wp\/v2\/media?parent=16247548"}],"curies":[{"name":"wp","href":"https:\/\/api.w.org\/{rel}","templated":true}]}}